{"id":99,"date":"2018-11-23T11:51:24","date_gmt":"2018-11-23T11:51:24","guid":{"rendered":"http:\/\/172.16.16.49\/?page_id=99"},"modified":"2018-11-28T14:03:49","modified_gmt":"2018-11-28T14:03:49","slug":"iletisim-bilgileri","status":"publish","type":"page","link":"https:\/\/iktisattarihi2019.idu.edu.tr\/index.php\/iletisim-bilgileri\/","title":{"rendered":"\u0130LET\u0130\u015e\u0130M B\u0130LG\u0130LER\u0130"},"content":{"rendered":"<p>Mustafa \u00d6T\u00dcRK (Kongre Ba\u015fkan\u0131)<\/p>\n<p>E-Posta: <a href=\"mailto:mustafa.ozturk@idu.edu.tr\">mustafa.ozturk@idu.edu.tr<\/a><\/p>\n<p>Ay\u015fe De\u011ferli (Kongre Sekreteri)<\/p>\n<p>E-Posta: <a href=\"mailto:ayse.degerli@idu.edu.tr\">ayse.degerli@idu.edu.tr<\/a><\/p>\n<p>\u0130zmir Demokrasi \u00dcniversitesi<\/p>\n<p>Fen Edebiyat Fak\u00fcltesi Tarih B\u00f6l\u00fcm\u00fc<\/p>\n<p>\u00dc\u00e7kuyular-\u0130ZM\u0130R<\/p>\n","protected":false},"excerpt":{"rendered":"<p>Mustafa \u00d6T\u00dcRK (Kongre Ba\u015fkan\u0131) E-Posta: mustafa.ozturk@idu.edu.tr Ay\u015fe De\u011ferli (Kongre Sekreteri) E-Posta: ayse.degerli@idu.edu.tr \u0130zmir Demokrasi \u00dcniversitesi Fen Edebiyat Fak\u00fcltesi Tarih B\u00f6l\u00fcm\u00fc \u00dc\u00e7kuyular-\u0130ZM\u0130R<\/p>\n","protected":false},"author":1,"featured_media":0,"parent":0,"menu_order":0,"comment_status":"closed","ping_status":"closed","template":"","meta":{"footnotes":""},"class_list":["post-99","page","type-page","status-publish","hentry","nodate","item-wrap"],"_links":{"self":[{"href":"https:\/\/iktisattarihi2019.idu.edu.tr\/index.php\/wp-json\/wp\/v2\/pages\/99","targetHints":{"allow":["GET"]}}],"collection":[{"href":"https:\/\/iktisattarihi2019.idu.edu.tr\/index.php\/wp-json\/wp\/v2\/pages"}],"about":[{"href":"https:\/\/iktisattarihi2019.idu.edu.tr\/index.php\/wp-json\/wp\/v2\/types\/page"}],"author":[{"embeddable":true,"href":"https:\/\/iktisattarihi2019.idu.edu.tr\/index.php\/wp-json\/wp\/v2\/users\/1"}],"replies":[{"embeddable":true,"href":"https:\/\/iktisattarihi2019.idu.edu.tr\/index.php\/wp-json\/wp\/v2\/comments?post=99"}],"version-history":[{"count":5,"href":"https:\/\/iktisattarihi2019.idu.edu.tr\/index.php\/wp-json\/wp\/v2\/pages\/99\/revisions"}],"predecessor-version":[{"id":153,"href":"https:\/\/iktisattarihi2019.idu.edu.tr\/index.php\/wp-json\/wp\/v2\/pages\/99\/revisions\/153"}],"wp:attachment":[{"href":"https:\/\/iktisattarihi2019.idu.edu.tr\/index.php\/wp-json\/wp\/v2\/media?parent=99"}],"curies":[{"name":"wp","href":"https:\/\/api.w.org\/{rel}","templated":true}]}}